k.
56
Let l = -6314 - -6428. Calculate the remainder when 9119 is divided by l.
113
Calculate the remainder when (-41)/(1681/164)*(-558)/8 is divided by 21.
6
Let k = 168 - 160. Calculate the remainder when 68 is divided by -1 + (8/(-12))/(k/(-180)).
12
What is the remainder when 3119 is divided by (-46)/69 + 784/6?
129
Suppose -2*d - 4*a = -0*a - 62, -4*d + 4*a + 88 = 0. Let u = 83 - 31. Suppose 0 = -l + 46 + u. Calculate the remainder when l is divided by d.
23
Let j be (-15)/(-1) - (3 + -1). Let i be (-583)/(-11)*(-4)/(-4). Let r = i - j. Calculate the remainder when r is divided by 15.
10
Let t(c) = -21*c + 41. Calculate the remainder when 302 is divided by t(0).
15
Suppose 70 = 5*l - 4*z, 3*l = 5*l - 2*z - 28. What is the remainder when (-80550)/(-600)*(-4)/(-3) is divided by l?
11
Let q be (-8 - -5 - -8) + (-42 - -1). What is the remainder when 26 is divided by (-5)/15 + 57/q*-4?
2
Suppose -3*n = -3*w - n + 68, -2*w + 2*n = -48. Suppose 4*a + 32 = 2*p, -3*a + 32 = w. What is the remainder when (-2)/4 - (-699)/6 is divided by p?
20
Suppose -9 = 4*s + c - 938, -5*c = -5*s + 1155. Calculate the remainder when 845 is divided by s.
149
Let f = 8 - 6. Let r be (-27)/18*4/(-3). Suppose -z - j = -6*z + 112, f*z - r*j = 40. What is the remainder when 89 is divided by z?
20
Let z(j) = 13*j**2 + 8*j - 49. Let s be z(5). Let r = -306 + s. Calculate the remainder when 47 is divided by r.
7
Let q be 5*((-3)/(-6) + 0)*2. Calculate the remainder when 23 is divided by 2/q + 20/50*4.
1
Suppose 88 = 3*w + 91. Calculate the remainder when 117 is divided by (1 + -1 + w)*(-8 - 25).
18
What is the remainder when (-372)/3534 - (-3728)/38 is divided by (6/5)/(6/135)?
17
Suppose 5*o = 5*w + 11 - 6, 0 = -2*o - 5*w + 30. Suppose 3*r + o = 299. Calculate the remainder when r is divided by 11.
10
Let p(r) = -r**3 - 54*r**2 - 5*r - 239. Suppose 108 = -20*k + 18*k. What is the remainder when p(k) is divided by 24?
7
Suppose 408 = 2*w + 380. Let j(x) = -x**3 + 8*x**2 + 7*x + 10. Let v be j(9). Let b = v - -13. What is the remainder when w is divided by b?
4
Calculate the remainder when 508/(-889) - 1390/(-7) is divided by 111.
87
Suppose 2*i + 34 = 4*q, 4*i + 44 = q + 4*q. What is the remainder when 56 is divided by q?
0
Calculate the remainder when (-1440)/(-6720) - (-27815)/14 is divided by 13.
11
Let s = 792 + -410. Let w = s + -231. What is the remainder when w is divided by 23?
13
Let d = 232 - -323. Calculate the remainder when d is divided by 139.
138
Suppose -36*v + 10158 + 9000 = -5*v. What is the remainder when v is divided by 169?
111
Let f(d) = -7*d + 65. Let w be f(-20). Suppose 269 = t + w. Calculate the remainder when t is divided by 37.
27
Suppose 0 = -11*p + 894 + 866. Let h = -146 + p. Suppose 5*s - 38 = -3*b + 137, 4*s - b - 157 = 0. Calculate the remainder when s is divided by h.
10
Let f(t) = -t**3 - t**2 - t. Let x be f(-2). Suppose v = 4 + x. Calculate the remainder when (17 + -18 - (-8 + 2)) + 20 is divided by v.
5
Let q = -2464 + 2903. What is the remainder when q is divided by 132?
43
Let g(m) = -142*m + 45. What is the remainder when 129 is divided by g(0)?
39
Calculate the remainder when 255 is divided by (44/(-6))/(172/(-258)).
2
Let z = -3256 - -3443. What is the remainder when z is divided by 47?
46
Let u(i) = -7*i. Let y be u(5). Let b be y/(-5) + (0 - 3). Suppose 2*k - 39 = -b*v + 15, 4*v = -16. What is the remainder when k is divided by 18?
17
Suppose 2*q - 4*q = -10. Calculate the remainder when 33/((-3300)/80)*1*-15 is divided by q.
2
Suppose 3*w - 1517 = -5*l, 2*w = 4*l - 365 + 1369. Suppose -5*z - 9 = 5*h - w, 392 = 4*h + 5*z. Calculate the remainder when h is divided by 13.
12
Suppose -5*y = -x - 2493, -13*y + 9*y + x + 1994 = 0. Calculate the remainder when y is divided by 24.
19
Let v = -22921 - -22933. What is the remainder when 6971 is divided by v?
11
Let p(w) = -18*w + 506. Calculate the remainder when 516 is divided by p(27).
16
Let w be (-2 - 1) + (3 - -7). Suppose w*b - 74 - 73 = 0. Suppose b*f - 11*f = 1040. Calculate the remainder when f is divided by 21.
20
What is the remainder when 74 is divided by 33*(-5)/(-550) - (-314)/20?
10
Suppose 136 = 7*a - 25. Let u(n) = -5*n - 41. What is the remainder when a is divided by u(-9)?
3
Let g = 3782 + -3772. What is the remainder when 24 is divided by g?
4
Let y(r) = -r**3 + 5*r**2 - r + 2. Suppose 1020 = -171*x + 273*x. Calculate the remainder when y(4) is divided by x.
4
Let b = 54 + -49. Calculate the remainder when (841 + b)/9 + -8 is divided by 15.
11
Suppose 7*o - 91 = -0*o. Suppose 2*k - 14 = -3*s + 29, 2*k - 3*s - o = 0. Calculate the remainder when 67 is divided by k.
11
Suppose 132 = 4*z - 76. Calculate the remainder when z is divided by (117 + -118)*(-23)/2 - 42/(-28).
0
Suppose 2*h - 28 = -4*i, h - 2*i - 2*i = 20. Suppose -5*u + h - 6 = 0. Calculate the remainder when 4 is divided by u.
0
Suppose 30 = 5*t + 10. What is the remainder when t is divided by ((240/220)/(-3))/((-4)/22)?
0
What is the remainder when 146 - 2 - 2 - (-126)/18 is divided by 5?
4
Suppose -644*k = -639*k - 560. Suppose -k = -37*h + 33*h. What is the remainder when 138 is divided by h?
26
Suppose n + 2*n - 15 = 0. Let y(x) = -651*x - 1934. What is the remainder when y(-3) is divided by n?
4
Let v(h) = 64*h + 64*h - 129*h + 24. Calculate the remainder when 67 is divided by v(10).
11
Suppose -3*m - 402 = -3*f, 489*f - 490*f - 5*m + 122 = 0. Let z = -22 + 56. What is the remainder when f is divided by z?
30
Let z = 39 - 75. Let i = z + 49. Suppose 3*r = 56 + 10. What is the remainder when r is divided by i?
9
Suppose -4*x - 5*i + 11080 = 4634, 2*i = -2*x + 3226. Calculate the remainder when x is divided by 30.
29
Let l be (0 + 0)*2/4. Suppose l = t + 4, t + 1333 = 5*z - t. Suppose 6*r = r + z. What is the remainder when r is divided by 27?
26
Suppose -2889 - 2991 = -196*i. Calculate the remainder when 831 is divided by i.
21
Let t(g) = -13*g**2 - 215*g - 22. Let k be -7 - (-16)/(6/(-3)). Calculate the remainder when t(k) is divided by 47.
43
Suppose -2*p - 44 = -6*p. Let n be (28 + -43)*-1*(-2)/(-6). Suppose -4*o - 280 = -4*b, n*b = o + 99 + 267. Calculate the remainder when b is divided by p.
8
Let y(b) = -71*b**3 - b**2. Let m be y(-1). Suppose -4*g - g = -m. Let a = 3744 + -3563. What is the remainder when a is divided by g?
13
Suppose 53*v + 42*v - 2945 = 0. Calculate the remainder when 1918 is divided by v.
27
Suppose 4*d + 2*u - 1496 = 0, 945*d - 949*d = 4*u - 1496. Calculate the remainder when d is divided by 58.
26
Let x = 4 + -1. Suppose 2*a = -x*a + 45. What is the remainder when a is divided by (9/(-6))/(-7 + (-268)/(-40))?
4
What is the remainder when 2562 is divided by (-5)/(-10) + ((-3)/(-2))/((-30)/(-3410))?
168
Suppose -2*q + 11 = 7. Let u be q/(-14) + (-15)/(-7). Suppose b = 5*p + 14, u*p = 4*b - 42 - 14. What is the remainder when b is divided by 5?
4
Let b = 4 + 1. Suppose -b*r = 5*i - 355, -5*i + 0*r + 2*r + 355 = 0. Suppose -52 - 20 = -3*a. Calculate the remainder when i is divided by a.
23
Suppose 3*a + 43 = 5*t, t - 45 = -2*t - 3*a. Let f be 18/(-24) - 920/(-32). Suppose f = u + t. What is the remainder when 45 is divided by u?
11
What is the remainder when (479 + 6)/(25/10) - -2 is divided by 54?
34
Let x(o) = -o**2 + 106*o - 2213. Calculate the remainder when 406 is divided by x(30).
4
Suppose -2*c - 32 = -4*u - 0*c, -2*u = -4*c - 28. Suppose 0 = 4*z - 3*o - 379, -z - u*o + 94 = -7*o. What is the remainder when z is divided by 6?
1
Suppose 290*y - 1297 = -475 + 2368. What is the remainder when 435 is divided by y?
6
Suppose 0 = -10*a - 1044 + 3064. Suppose 3*l = -5*s + 505, 0 = -s - s - 2*l + a. Calculate the remainder when s is divided by (-26)/4*(-8 - -4).
23
Suppose -4*y = -c + 23, 2*y = c + 7*y + 22. Suppose -3*d + 2*h - 57 = -242, -5*d + c*h + 310 = 0. Calculate the remainder when d is divided by 33.
32
Let k(p) = -p**2 - 24*p - 31. Let d(s) = s + 1. Let i(o) = -4*d(o) - k(o). What is the remainder when 24 is divided by i(-19)?
0
Suppose 5*m - 4639 - 1990 = -3*f, -6657 = -5*m + f. Calculate the remainder when m is divided by 89.
84
Let m(r) = r**3 + 44*r**2 - 46*r - 48. Let w be m(-45). What is the remainder when 6 - (w/((-3)/(-59)) + 2) is divided by 4?
3
Let n be (